 37425299
What are the prime factors of 109580151?
3, 36526717
List the prime factors of 139571266.
2, 3919, 17807
What are the prime factors of 17547363?
3, 1949707
What are the prime factors of 1334439754?
2, 139, 929, 5167
List the prime factors of 52107571.
52107571
What are the prime factors of 570400058?
2, 285200029
List the prime factors of 14754172.
2, 3688543
What are the prime factors of 1283065158?
2, 3, 193, 1108001
What are the prime factors of 82698661?
719, 115019
List the prime factors of 101203043.
101203043
List the prime factors of 2342348206.
2, 11, 199, 571, 937
What are the prime factors of 48224420?
2, 5, 2411221
List the prime factors of 1037758944.
2, 3, 131, 179, 461
List the prime factors of 5454635660.
2, 5, 272731783
What are the prime factors of 428226515?
5, 17, 431, 11689
What are the prime factors of 45777305?
5, 7, 1307923
List the prime factors of 62545008.
2, 3, 41, 61, 521
List the prime factors of 780012961.
7, 13, 23, 372677
List the prime factors of 2051945861.
7, 293135123
List the prime factors of 587454227.
17, 34556131
List the prime factors of 3432263439.
3, 11, 443, 234781
What are the prime factors of 1195093282?
2, 597546641
List the prime factors of 222994934.
2, 111497467
List the prime factors of 6771030.
2, 3, 5, 7, 19, 1697
What are the prime factors of 3355035864?
2, 3, 139793161
What are the prime factors of 61125392?
2, 751, 5087
List the prime factors of 75759782.
2, 7, 110437
List the prime factors of 141414669.
3, 11, 1428431
What are the prime factors of 1246850191?
1246850191
What are the prime factors of 165276537?
3, 55092179
List the prime factors of 3846136602.
2, 3, 7, 11, 89, 1051
What are the prime factors of 1477756413?
3, 7, 1531, 5107
List the prime factors of 484837188.
2, 3, 11, 3673009
What are the prime factors of 31438572?
2, 3, 11, 238171
List the prime factors of 364158237.
3, 19, 73, 87517
What are the prime factors of 288838012?
2, 1291, 55933
What are the prime factors of 3174153159?
3, 101, 10475753
List the prime factors of 2828392811.
43, 73, 137, 6577
What are the prime factors of 109545373?
7, 317, 49367
What are the prime factors of 2450806625?
5, 19606453
What are the prime factors of 3287346217?
3287346217
List the prime factors of 15166995.
3, 5, 953, 1061
What are the prime factors of 254195459?
7, 4013, 9049
List the prime factors of 125461585.
5, 25092317
List the prime factors of 93623759.
93623759
What are the prime factors of 16169077?
16169077
What are the prime factors of 27760293?
3, 11, 151, 619
List the prime factors of 5731568092.
2, 193, 839, 8849
What are the prime factors of 65486397?
3, 17, 1284047
What are the prime factors of 623725664?
2, 43, 453289
List the prime factors of 146926616.
2, 41, 103, 4349
What are the prime factors of 2415777937?
61, 2671, 14827
What are the prime factors of 2190705556?
2, 13, 3187, 13219
List the prime factors of 30758614.
2, 15379307
What are the prime factors of 1407271777?
29, 977, 49669
What are the prime factors of 37224843?
3, 41, 127, 2383
List the prime factors of 137652262.
2, 11, 157, 3623
What are the prime factors of 367610272?
2, 11487821
What are the prime factors of 132610546?
2, 211, 314243
List the prime factors of 155086048.
2, 13, 372803
What are the prime factors of 2440451950?
2, 5, 48809039
List the prime factors of 628742422.
2, 7, 11, 583249
List the prime factors of 114173337.
3, 19, 103, 19447
List the prime factors of 3313710770.
2, 5, 19, 17440583
What are the prime factors of 85903295?
5, 17, 1010627
What are the prime factors of 4909373467?
12157, 403831
List the prime factors of 178664466.
2, 3, 29777411
What are the prime factors of 25117211?
7, 17, 83, 2543
List the prime factors of 13151821.
13151821
What are the prime factors of 131273917?
149, 347, 2539
List the prime factors of 70700185.
5, 457, 30941
What are the prime factors of 3229322205?
3, 5, 215288147
What are the prime factors of 84059008?
2, 11, 227, 263
List the prime factors of 295812937.
7, 17, 311, 7993
List the prime factors of 50277194.
2, 11, 17, 101
What are the prime factors of 58842491?
17, 61, 179, 317
List the prime factors of 469711479.
3, 17, 9210029
List the prime factors of 3016618204.
2, 151, 4994401
What are the prime factors of 75071187?
3, 37, 59, 3821
What are the prime factors of 90118849?
257, 350657
What are the prime factors of 634100607?
3, 7, 353, 28513
List the prime factors of 9733884577.
9733884577
What are the prime factors of 106371804?
2, 3, 7, 11, 19, 73, 83
List the prime factors of 44170852.
2, 11, 991, 1013
List the prime factors of 46239937.
46239937
List the prime factors of 7964303458.
2, 383, 10397263
List the prime factors of 288633542.
2, 144316771
List the prime factors of 102810679.
17, 37, 79, 2069
What are the prime factors of 7222335339?
3, 167, 14415839
What are the prime factors of 95222233?
241, 395113
List the prime factors of 20045191.
59, 339749
What are the prime factors of 1128076653?
3, 11, 23, 1486267
List the prime factors of 74956388.
2, 13, 31, 46499
What are the prime factors of 113087239?
113087239
List the prime factors of 149364724.
2, 107, 163, 2141
List the prime factors of 2309968130.
2, 5, 19, 61, 241, 827
List the prime factors of 257622777.
3, 17, 173, 9733
List the prime factors of 340603228.
2, 7, 17, 23, 53, 587
List the prime factors of 365563552.
2, 37, 283, 1091
List the prime factors of 12772990.
2, 5, 1277299
List the prime factors of 12067648.
2, 157, 1201
What are the prime factors of 23065992?
2, 3, 106787
What are the prime factors of 2501560324?
2, 71, 101, 87211
List the prime factors of 89622202.
2, 19, 373, 6323
What are the prime factors of 169792825?
5, 29, 234197
List the prime factors of 359788448.
2, 23, 41, 11923
List the prime factors of 104172424.
2, 1447, 8999
List the prime factors of 89909070.
2, 3, 5, 23, 130303
What are the prime factors of 98586982?
2, 13, 3791807
List the prime factors of 207527080.
2, 5, 37, 140221
What are the prime factors of 67700710?
2, 5, 7, 11, 7993
List the prime factors of 2428787950.
2, 5, 48575759
List the prime factors of 187412771.
7, 13, 2059481
List the prime factors of 170230676.
2, 7, 11, 83, 6659
What are the prime factors of 324236071?
324236071
List the prime factors of 1513150468.
2, 439, 861703
What are the prime factors of 57943665?
3, 5, 13, 37, 2677
What are the prime factors of 923349927?
3, 23, 581821
What are the prime factors of 1671506711?
7, 659, 362347
What are the prime factors of 714057028?
2, 1597, 111781
List the prime factors of 268884987.
3, 7, 967, 13241
List the prime factors of 2728657703.
2728657703
List the prime factors of 59497300.
2, 5, 47, 12659
What are the prime factors of 457109750?
2, 5, 1828439
What are the prime factors of 41695524?
2, 3, 13, 41, 53
List the prime factors of 1293979030.
2, 5, 97, 1333999
List the prime factors of 1631506100.
2, 5, 7, 83, 28081
What are the prime factors of 659093258?
2, 329546629
What are the prime factors of 194741732?
2, 17, 2863849
What are the prime factors of 2233017476?
2, 79, 89, 79399
What are the prime factors of 707942695?
5, 41, 3453379
What are the prime factors of 7419113?
13, 193, 2957
What are the prime factors of 39054267?
3, 7, 619909
What are the prime factors of 1697148387?
3, 11, 89, 192617
What are the prime factors of 750869552?
2, 101, 464647
What are the prime factors of 687581897?
687581897
What are the prime factors of 46912678?
2, 179, 131041
List the prime factors of 2357865.
3, 5, 151, 347
What are the prime factors of 34524087?
3, 13, 885233
What are the prime factors of 61584311?
61584311
What are the prime factors of 101179792?
2, 7, 903391
List the prime factors of 469334919.
3, 156444973
List the prime factors of 267482220.
2, 3, 5, 73, 173, 353
List the prime factors of 3580853508.
2, 3, 11052017
What are the prime factors of 941165505?
3, 5, 7, 2987827
What are the prime factors of 2184205220?
2, 5, 17, 109, 58937
What are the prime factors of 73017778?
2, 23, 1587343
What are the prime factors of 31183365?
3, 5, 31, 67061
What are the prime factors of 1767983402?
2, 19, 4073, 11423
What are the prime factors of 1148164300?
2, 5, 19, 541, 1117
What are the prime fact